10) in base 2?
1
170 (base 11) to base 5
1243
Convert -1 (base 10) to base 5.
-1
What is -2 (base 14) in base 3?
-2
What is 2 (base 16) in base 9?
2
What is -3 (base 6) in base 12?
-3
Convert 8 (base 10) to base 13.
8
Convert 131 (base 5) to base 16.
29
Convert 10022 (base 3) to base 11.
81
Convert -4 (base 9) to base 13.
-4
Convert -6 (base 10) to base 8.
-6
3 (base 9) to base 8
3
22 (base 3) to base 14
8
Convert 11 (base 8) to base 10.
9
What is -3 (base 16) in base 15?
-3
Convert -a (base 13) to base 6.
-14
What is -3 (base 11) in base 2?
-11
What is 8 (base 16) in base 5?
13
What is -268 (base 9) in base 12?
-168
What is 100 (base 3) in base 8?
11
-22 (base 12) to base 9
-28
1 (base 14) to base 10
1
0 (base 16) to base 4
0
What is -11 (base 5) in base 14?
-6
-3 (base 12) to base 2
-11
Convert -16d (base 14) to base 2.
-100100101
-3 (base 9) to base 15
-3
What is 124 (base 7) in base 16?
43
What is 1003 (base 4) in base 6?
151
What is 1b (base 15) in base 10?
26
Convert 1 (base 16) to base 4.
1
What is -6 (base 11) in base 15?
-6
Convert -62 (base 9) to base 10.
-56
-12 (base 8) to base 9
-11
Convert -45 (base 14) to base 15.
-41
Convert -10 (base 6) to base 16.
-6
Convert -1 (base 9) to base 5.
-1
-12 (base 3) to base 8
-5
-22101 (base 3) to base 11
-196
Convert 8 (base 11) to base 13.
8
What is 114 (base 7) in base 9?
66
223 (base 6) to base 14
63
What is -4 (base 8) in base 11?
-4
What is 13 (base 12) in base 13?
12
-11011 (base 2) to base 7
-36
What is -1 (base 10) in base 14?
-1
Convert -2 (base 9) to base 3.
-2
-1 (base 6) to base 3
-1
-306 (base 8) to base 9
-240
Convert 0 (base 5) to base 14.
0
24 (base 16) to base 7
51
2c (base 15) to base 3
1120
Convert 1c (base 13) to base 11.
23
-5 (base 10) to base 7
-5
What is 33 (base 5) in base 2?
10010
Convert 112 (base 4) to base 15.
17
Convert 2 (base 16) to base 10.
2
Convert -9 (base 11) to base 10.
-9
-6 (base 15) to base 10
-6
-3 (base 14) to base 12
-3
Convert -314 (base 7) to base 15.
-a8
-1014 (base 6) to base 7
-442
-11110110 (base 2) to base 4
-3312
-1001 (base 2) to base 4
-21
Convert 2 (base 11) to base 10.
2
-1000 (base 2) to base 11
-8
Convert a (base 11) to base 6.
14
2 (base 12) to base 7
2
What is 112 (base 7) in base 15?
3d
15 (base 11) to base 13
13
Convert -31 (base 4) to base 2.
-1101
3 (base 9) to base 3
10
13 (base 15) to base 13
15
Convert 101111 (base 2) to base 11.
43
What is -13 (base 5) in base 8?
-10
Convert 372 (base 9) to base 10.
308
Convert -3 (base 8) to base 7.
-3
What is -180 (base 13) in base 3?
-101010
-3 (base 16) to base 9
-3
1101110 (base 2) to base 16
6e
What is 2 (base 11) in base 3?
2
d (base 14) to base 11
12
What is 22112 (base 3) in base 8?
346
-101 (base 2) to base 6
-5
What is 0 (base 15) in base 9?
0
What is 5 (base 15) in base 16?
5
Convert -1 (base 6) to base 9.
-1
Convert 8 (base 11) to base 12.
8
Convert 42 (base 10) to base 8.
52
Convert 0 (base 10) to base 4.
0
What is -4 (base 7) in base 11?
-4
-50 (base 6) to base 12
-26
Convert 107 (base 13) to base 16.
b0
Convert -240 (base 5) to base 11.
-64
2 (base 3) to base 5
2
What is -11100 (base 2) in base 3?
-1001
Convert -12 (base 3) to base 7.
-5
-54 (base 8) to base 12
-38
Convert 12 (base 3) to base 7.
5
-19 (base 10) to base 3
-201
Convert 1001 (base 6) to base 16.
d9
Convert 69 (base 12) to base 10.
81
What is 8d (base 15) in base 14?
97
What is c (base 14) in base 2?
1100
Convert -15 (base 6) to base 16.
-b
Convert -168 (base 13) to base 2.
-11111111
-15 (base 14) to base 8
-23
2 (base 5) to base 12
2
Convert 1 (base 6) to base 15.
1
Convert 157 (base 9) to base 15.
8d
What is 3 (base 9) in base 15?
3
What is 1 (base 3) in base 8?
1
What is 16 (base 9) in base 12?
13
1101011 (base 2) to base 14
79
Convert 17 (base 8) to base 3.
120
24 (base 9) to base 13
19
Convert -24 (base 12) to base 15.
-1d
What is -5 (base 13) in base 5?
-10
What is bb (base 16) in base 14?
d5
Convert -1011 (base 2) to base 15.
-b
What is -5 (base 10) in base 6?
-5
What is -3 (base 15) in base 12?
-3
0 (base 16) to base 3
0
Convert 60 (base 13) to base 16.
4e
37 (base 9) to base 8
42
-111 (base 3) to base 7
-16
Convert 1010100 (base 2) to base 11.
77
What is 79 (base 10) in base 2?
1001111
Convert 4 (base 7) to base 16.
4
Convert 1 (base 8) to base 2.
1
Convert -55 (base 15) to base 5.
-310
Convert -12 (base 12) to base 6.
-22
What is -37 (base 12) in base 9?
-47
What is -26 (base 13) in base 12?
-28
Convert -3 (base 8) to base 2.
-11
Convert 1 (base 13) to base 12.
1
What is -c (base 14) in base 12?
-10
-10001 (base 2) to base 7
-23
Convert 23 (base 4) to base 13.
b
-2 (base 10) to base 12
-2
What is -14 (base 13) in base 4?
-101
Convert 30 (base 8) to base 11.
22
0 (base 15) to base 11
0
Convert 88 (base 11) to base 2.
1100000
Convert 27 (base 16) to base 9.
43
What is -1 (base 4) in base 9?
-1
What is -43 (base 7) in base 12?
-27
What is -3 (base 10) in base 7?
-3
What is 10211 (base 3) in base 13?
7c
-101000 (base 2) to base 16
-28
0 (base 13) to base 3
0
3 (base 5) to base 10
3
What is 74 (base 16) in base 12?
98
What is -1 (base 8) in base 10?
-1
-10 (base 2) to base 8
-2
cc (base 13) to base 6
440
What is 5 (base 9) in base 11?
5
-25 (base 8) to base 6
-33
Convert 11 (base 15) to base 3.
121
215 (base 9) to base 2
10110000
28 (base 13) to base 7
46
Convert 120 (base 3) to base 6.
23
Convert 3 (base 12) to base 15.
3
What is 505 (base 6) in base 15?
c5
Convert 2f (base 16) to base 14.
35
-3 (base 8) to base 5
-3
What is -4 (base 7) in base 14?
-4
What is 0 (base 15) in base 16?
0
Convert -44 (base 11) to base 10.
-48
What is -b4 (base 15) in base 5?
-1134
What is 0 (base 15) in base 5?
0
-5a (base 13) to base 4
-1023
What is 176 (base 9) in base 11?
127
-12012 (base 3) to base 16
-8c
What is 4 (base 11) in base 16?
4
6 (base 13) to base 5
11
5 (base 7) to base 9
5
Convert -3 (base 12) to base 9.
-3
-2 (base 3) to base 12
-2
What is -2 (base 12) in base 4?
-2
-212 (base 4) to base 11
-35
What is 64 (base 9) in base 10?
58
1 (base 5) to base 14
1
2 (base 8) to base 15
2
16 (base 7) to base 4
31
-5 (base 16) to base 12
-5
What is -10 (base 3) in base 4?
-3
What is -1 (base 15) in base 7?
-1
Convert -56 (base 12) to base 10.
-66
Convert 27 (base 11) to base 14.
21
-100011 (base 2) to base 10
-35
1010111 (base 2) to base 16
57
What is -31 (base 5) in base 9?
-17
What is 0 (base 14) in base 11?
0
44 (base 8) to base 14
28
Convert 1 (base 12) to base 2.
1
Convert -1 (base 12) to base 15.
-1
2021 (base 3) to base 4
331
50 (base 15) to base 3
2210
What is 55 (base 6) in base 5?
120
8 (base 12) to base 2
1000
Convert -14 (base 5) to base 15.
-9
What is 20 (base 3) in base 2?
110
-24 (base 5) to base 13
-11
-1 (base 10) to base 2
-1
-90 (base 11) to base 5
-344
-10132 (base 4) to base 7
-556
What is -11 (base 9) in base 10?
-10
Convert -95 (base 12) to base 10.
-113
What is -30 (base 4) in base 3?
-110
What is -2 (base 6) in base 5?
-2
Convert -aa (base 12) to base 6.
-334
Convert -66 (base 12) to base 15.
-53
0 (base 13) to base 16
0
Convert -3 (base 6) to base 2.
-11
93 (base 16) to base 10
147
Convert 60 (base 9) to base 5.
204
3 (base 6) to base 14
3
Convert 325 (base 8) to base 16.
d5
343 (base 5) to base 10
98
Convert 1000 (base 2) to base 9.
8
What is -73 (base 13) in base 2?
-1011110
What is -26 (base 7) in base 14?
-16
Convert 4 (base 9) to base 6.
4
2b (base 14) to base 13
30
What is -102 (base 6) in base 8?
-46
-6 (base 12) to base 7
-6
Convert 21 (base 4) to base 11.
9
Convert -7 (base 11) to base 16.
-7
-6 (base 11) to base 9
-6
What is -1 (base 3) in base 14?
-1
17 (base 15) to base 12
1a
What is -13 (base 14) in base 11?
-16
-121 (base 4) to base 11
-23
What is 10 (base 3) in base 10?
3
0 (base 14) to base 8
0
Convert -a (base 15) to base 5.
-20
1b (base 15) to base 13
20
What is -13 (base 4) in base 6?
-11
105 (base 7) to base 16
36
-23 (base 14) to base 9
-34
2113 (base 4) to base 5
1101
1 (base 3) to base 11
1
Convert 534 (base 7) to base 12.
1a6
What is -54 (base 13) in base 10?
-69
-3b (base 16) to base 3
-2012
Convert 0 (base 4) to base 14.
0
What is 1a (base 13) in base 8?
27
What is -1 (base 14) in base 10?
-1
What is 27 (base 11) in base 12?
25
Convert -a3 (base 16) to base 14.
-b9
What 